 List the prime factors of n.
11
List the prime factors of (0 + -4 + 8)*11.
2, 11
Let w be (-10)/(-4)*12/10. Let b = 7 - -10. What are the prime factors of b/2 - w/6?
2
Let p(i) = i + 21. Let c be p(-15). Let q = -39 + 19. What are the prime factors of (c/5)/((-2)/q)?
2, 3
Suppose -m + 240 = 2*m. List the prime factors of m.
2, 5
Let n(l) be the first derivative of 2*l**3/3 + 9*l**2/2 + 7*l - 4. List the prime factors of n(-6).
5
Suppose 0 = 2*v - 3*b - 177, -5*v = -5*b - 205 - 225. What are the prime factors of v?
3
Let j be ((-24)/3)/(-2) - 0. Let d = j + 4. What are the prime factors of d?
2
Let w be 11/3 + (-2)/(-6). Suppose 0 = -w*x - 4*u - u + 49, 2*x = 2*u + 2. Suppose 24 = 2*s + x. List the prime factors of s.
3
Let z(p) = 43*p - 9. What are the prime factors of z(3)?
2, 3, 5
Let p(s) = -88*s - 31. List the prime factors of p(-4).
3, 107
Let j(d) = -2*d**2 + 15*d - 25. Let h(k) = -k**2 + 7*k - 12. Let q = -11 - -8. Let x(c) = q*j(c) + 5*h(c). List the prime factors of x(10).
3, 5
Suppose -z - 3 = a, -z + 2*a + 10 = -4*z. Let m(k) = k**3 + 4*k**2 + k + 5. Let s be m(z). Suppose -s = -4*y + 15. List the prime factors of y.
2
Suppose 0 = 3*g + 31 + 56. Let w = 50 + g. What are the prime factors of w?
3, 7
Let v = -91 - -181. What are the prime factors of v?
2, 3, 5
Let v = -81 + 151. What are the prime factors of v?
2, 5, 7
Let i(l) be the third derivative of -l**5/120 + 11*l**4/24 - l**3/3 + 2*l**2. Let t(n) be the first derivative of i(n). What are the prime factors of t(5)?
2, 3
Let y = -75 + 131. Suppose -2*x + y = 2*x. What are the prime factors of x?
2, 7
Suppose -2*a = 4*r - 76, 0 = a + a - 5*r - 76. What are the prime factors of a?
2, 19
Let l(f) be the second derivative of f**4/12 + 5*f**3/6 - 3*f**2/2 - 2*f. Let h be l(6). What are the prime factors of (-2)/8 - h/(-12)?
5
Let p(z) be the third derivative of -z**6/120 - z**5/60 + z**3/3 - 3*z**2. Let s be p(-2). Suppose -5*o = -41 + s. What are the prime factors of o?
7
Suppose 0*d - 5*d + 25 = 0. Suppose -4*z + 45 = d. What are the prime factors of z?
2, 5
Let s(b) = b. Let f be s(0). Suppose f = 5*k - 2*j - 242, 2*k - 3*j - 90 = -2. What are the prime factors of k?
2, 5
What are the prime factors of (12/(-3))/(-4) - -26?
3
Suppose 4*o = o. Let h be 4/(-8) - 57/(-2). Suppose o = 4*y - 0*y - h. What are the prime factors of y?
7
Let w(z) = z**3 + 4*z**2 - z. Let i be w(-4). Suppose -3*g + 5*a = -4*g + 25, i*a = 3*g + 20. Suppose 0 = -j - g + 2. List the prime factors of j.
2
Suppose z - 2*q = -3*z - 4, -3*q = 12. Let t = z - -15. List the prime factors of t.
2, 3
Suppose 15 = -5*y + 2*y, -3*o + 5*y + 16 = 0. Let k(g) = 7*g + 1. Let m be k(o). What are the prime factors of (m/(-6))/((-2)/(-6))?
2, 5
Let v(b) = 11*b**2 - b - 3. List the prime factors of v(-2).
43
Suppose 4*f - n - n - 78 = 0, 5*f - 105 = n. Let z be 5*(-1)/((-15)/96). Let i = z - f. What are the prime factors of i?
2, 5
Suppose 0 = -2*t - 3*t - q + 543, 5*t - 5*q = 555. What are the prime factors of t?
109
Let q = 5 - 0. Suppose 204 = q*y + 59. List the prime factors of y.
29
Let q(j) = -j**2 + 8*j. Let o be (2/2)/((-5)/65). Let i(a) = a**2 + 14*a + 19. Let p be i(o). List the prime factors of q(p).
2, 3
Let g be 2/11 + (-519)/11. Let f = -5 - -3. What are the prime factors of f/(-7) + g/(-7)?
7
Let h(n) = -n**2 - 5*n - 1. Let z be h(-4). Suppose -y = -z*y + 86. List the prime factors of y.
43
Let v = -62 + 100. What are the prime factors of v?
2, 19
Let d be 7/((-7)/36)*-10. What are the prime factors of 2/(-8) + d/32?
11
Let y(g) be the third derivative of 0 - 5/6*g**3 + 0*g - 1/8*g**4 - 2*g**2. List the prime factors of y(-4).
7
Suppose 0 = -5*m - 5, -2*f + 0*m + 323 = -m. List the prime factors of f.
7, 23
Suppose 2*f = x - f - 9, 20 = 3*x - 2*f. Let l = x + 12. What are the prime factors of l?
2, 3
Suppose -16*r + 3698 + 894 = 0. List the prime factors of r.
7, 41
Let f(i) = i. Let o be f(11). Let z(y) = y**3 - 11*y**2 + 3. Let r be z(o). Suppose 0 = 4*v + 4*p + 21 - 77, -5*p - 50 = -r*v. List the prime factors of v.
3, 5
Let a(o) be the third derivative of o**5/15 + o**3/6 - 2*o**2. Let u be a(1). Suppose 7 = n - 0*k - u*k, n + 2*k - 14 = 0. List the prime factors of n.
2, 3
Let v(t) = t**2 - 2*t - 3. Suppose 3*b = b + 6. Let j be v(b). Let d = 11 - j. List the prime factors of d.
11
Let s be 34/10 + (-2)/5. Suppose 4*u - 2*u = 4*w - 44, -39 = -3*w + s*u. What are the prime factors of w?
3
List the prime factors of 1/6*8*15.
2, 5
Let c(w) = -w. Let p be c(5). Let o = p + 17. List the prime factors of o.
2, 3
Let t be 45/12 - 1/(-4). Suppose -3*g - 4*j = -20, t*j - 23 - 13 = -5*g. List the prime factors of g.
2
Let q(u) = -u**3 + 24*u**2 + 3*u + 59. List the prime factors of q(24).
131
Suppose -y - 3*q = -32, y - 3*q = 4*y - 108. Suppose 2*s = -2*m - y, -3*m = 5*s - 5*m + 88. Let g = s - -34. What are the prime factors of g?
2
Let m(q) = -q - 100. Let n be m(0). Let i = -62 - n. What are the prime factors of i?
2, 19
Suppose -5*a = 5*d - 160, -4*a + 134 - 15 = d. What are the prime factors of a?
29
Let o = -3 + 4. Let f(m) = -2 - 1 + 3*m - o. What are the prime factors of f(5)?
11
Let c = -8 + 12. Suppose -4*k - 8 = -8*k. Suppose 4*y - 40 = -k*n, 5*n = -y + c*n + 8. What are the prime factors of y?
2, 3
Suppose -2*h = -4*m - 0*m - 8, -7 = -4*h + 5*m. What are the prime factors of -7 + 24 - (-2)/h?
2
Suppose -2*x - 17 + 51 = 0. List the prime factors of x.
17
Suppose -s + 7 = 5*o, o - 4*o = 0. Suppose -s = -r + 12. What are the prime factors of r?
19
Let x(b) = 11*b + 3. Let k be x(8). Suppose -5*f = 21 - k. What are the prime factors of f?
2, 7
Let p = -33 - -49. Suppose -6*q - p = -2*q. List the prime factors of (0 + q)*(0 - 1).
2
Suppose -5*z - 10 = -5*s, -s = -5*z - 2 + 8. Let o = s - 3. List the prime factors of (6*o)/(-3) - -10.
2
Let x = -42 + 61. Suppose 5*y + 3 + 26 = f, 3*y + x = f. Suppose -f*w + 5*p - 3 = -5, -3*p = -3*w + 3. What are the prime factors of w?
3
Suppose 5*l - k + 54 = 0, 5*l - 5*k = -67 - 3. Let a = -5 - l. Suppose -32 = y - a*y. What are the prime factors of y?
2
Let c(n) = 28*n**2 + n + 2. What are the prime factors of c(-1)?
29
Let s = -16 + 36. What are the prime factors of s?
2, 5
Let m = 22 - 13. Let i = 7 - 5. Suppose x - i*x = -m. List the prime factors of x.
3
Let h be (6/9)/(4/6). Let b(y) = y**3 - h + 3 + 7*y**2 + 3*y - 2*y**2. List the prime factors of b(-4).
2, 3
List the prime factors of ((-36)/5)/((-6)/30).
2, 3
Suppose 0*l - 2 = -2*l, -2*l + 12 = v. List the prime factors of v.
2, 5
Let m(o) = o**2 + 3*o + 2. Let b be m(-2). Suppose i - 4*i = b. Suppose -v - 5*w + 25 = i, -6*v - w - 1 = -7*v. What are the prime factors of v?
5
What are the prime factors of 13*(4 + -3 + -2 + 10)?
3, 13
Let w(n) = n**2 + n - 3. Let m be (2 - (-2 - -2)) + 6. Let q = m - 5. What are the prime factors of w(q)?
3
Let f(s) = 4*s - 2. List the prime factors of f(1).
2
Let l = 268 + -145. List the prime factors of l.
3, 41
Let p be 6*(2 - (-5)/(-3)). What are the prime factors of p/4 - (-7)/2?
2
Let u(q) = 9*q**2 - 2*q - 5. What are the prime factors of u(-4)?
3, 7
Suppose 0 = -3*z - 0*z + 5*z. Let w be 1 - (-1 + 1 + -1). Suppose -u + 0 + w = z. What are the prime factors of u?
2
Let v(j) = 2*j - 1. Let d be v(2). Suppose -39 = -3*b - 0*t - 3*t, -d*b - t + 29 = 0. What are the prime factors of b?
2
Suppose 0*s - 80 = -2*s. Let f = s - 13. What are the prime factors of f?
3
Let t = 15 + -9. Let p = t - 6. Let n(l) = -l**3 + l**2 - l + 4. List the prime factors of n(p).
2
Let f = 2 - -2. Suppose -f = -c + 4. List the prime factors of c.
2
Suppose 5*j + 3*m - 40 = 0, -3*j = 4*m - 7*m. Suppose 4*h - j - 7 = 0. What are the prime factors of h?
3
Let t be 1/(-1)*(1 - 2). Suppose 0*d - d - t = 0, -43 = 3*l + d. Let r = 24 + l. List the prime factors of r.
2, 5
Let s(p) = 2*p**2 + p - 6*p**2 + 3 + p + 3*p**2. Let u be s(4). Let q = u - -8. What are the prime factors of q?
3
Suppose 0 = 4*q + 4, 3*v + q = -2*q + 252. What are the prime factors of v?
5, 17
Suppose 2*g = -2*g + 16, -5*g - 420 = -5*y. Suppose 4*q - y = 2*p + 56, q = -2*p + 46. List the prime factors of q.
2, 19
Let o(y) = 33*y + 2. List the prime factors of o(1).
5, 7
Let g(o) = -o**2 + 0*o**2 + o**2 + 2*o**2 + 1. What are the prime f